re the prime factors of 480081430?
2, 5, 48008143
List the prime factors of 33533117.
571, 58727
List the prime factors of 800684403.
3, 29, 37, 248737
List the prime factors of 60234262.
2, 11, 83, 32987
List the prime factors of 220493672.
2, 7, 17, 231611
What are the prime factors of 199162517?
29, 137, 50129
What are the prime factors of 3252785116?
2, 7, 29, 4005893
List the prime factors of 209984607.
3, 7, 31, 79, 1361
List the prime factors of 460081792.
2, 3594389
List the prime factors of 114762011.
7, 13, 1261121
What are the prime factors of 282239799?
3, 94079933
What are the prime factors of 144054031?
11, 2083, 6287
What are the prime factors of 164529169?
7, 97, 293, 827
List the prime factors of 1837821039.
3, 113, 173, 31337
What are the prime factors of 1486889634?
2, 3, 179, 683, 2027
What are the prime factors of 100500207?
3, 2767, 12107
List the prime factors of 223513532.
2, 11, 89, 57077
List the prime factors of 169151586.
2, 3, 28191931
What are the prime factors of 9877559?
9877559
What are the prime factors of 4041706022?
2, 2020853011
What are the prime factors of 156147218?
2, 78073609
What are the prime factors of 556407114?
2, 3, 443, 209333
List the prime factors of 787723465.
5, 2707, 58199
What are the prime factors of 300593079?
3, 11133077
List the prime factors of 163920822.
2, 3, 13, 2101549
What are the prime factors of 2426328883?
11, 220575353
List the prime factors of 41461754.
2, 139, 149143
List the prime factors of 239967506.
2, 41, 863, 3391
What are the prime factors of 143128435?
5, 229, 125003
List the prime factors of 229648795.
5, 45929759
What are the prime factors of 70369675?
5, 2814787
What are the prime factors of 4775866008?
2, 3, 149, 1335533
What are the prime factors of 1033836396?
2, 3, 71, 191, 6353
What are the prime factors of 92546072?
2, 11568259
List the prime factors of 1483051782.
2, 3, 247175297
List the prime factors of 517848688.
2, 7, 4623649
List the prime factors of 203590556.
2, 13, 29, 135007
What are the prime factors of 49158570?
2, 3, 5, 37, 67, 661
List the prime factors of 826498121.
137, 6032833
What are the prime factors of 44458412?
2, 349, 31847
What are the prime factors of 106137454?
2, 619, 85733
What are the prime factors of 54966186?
2, 3, 11, 25237
What are the prime factors of 550638682?
2, 11, 211, 118621
List the prime factors of 275228987.
11, 173, 144629
What are the prime factors of 159321391?
23, 6927017
What are the prime factors of 351673467?
3, 281, 417169
What are the prime factors of 712196222?
2, 356098111
What are the prime factors of 24427793?
13, 17, 110533
What are the prime factors of 1029566649?
3, 2377, 144379
What are the prime factors of 35120898?
2, 3, 650387
List the prime factors of 343421752.
2, 1193, 35983
What are the prime factors of 53798187?
3, 3677, 4877
List the prime factors of 86955054.
2, 3, 577, 25117
What are the prime factors of 676165749?
3, 7, 19, 242093
List the prime factors of 201410723.
73, 271, 10181
What are the prime factors of 4538913?
3, 569, 2659
What are the prime factors of 6903748?
2, 1725937
List the prime factors of 1669062279.
3, 556354093
What are the prime factors of 171352138?
2, 557, 153817
List the prime factors of 1269178244.
2, 317294561
List the prime factors of 70052629.
70052629
What are the prime factors of 15082594?
2, 43, 83, 2113
List the prime factors of 1745967917.
1745967917
What are the prime factors of 288312287?
29, 41, 242483
What are the prime factors of 59932322?
2, 29966161
List the prime factors of 61043289.
3, 29, 101, 6947
List the prime factors of 131381571.
3, 29, 307, 4919
What are the prime factors of 184836255?
3, 5, 797, 15461
What are the prime factors of 18606333?
3, 23, 41, 6577
List the prime factors of 23429149.
31, 673, 1123
What are the prime factors of 18209597?
7, 43, 60497
List the prime factors of 2729426039.
229, 11918891
What are the prime factors of 41301505?
5, 7, 1180043
List the prime factors of 271432884.
2, 3, 193, 233, 503
What are the prime factors of 633302383?
7, 223, 405703
What are the prime factors of 27646122?
2, 3, 7, 71, 73, 127
List the prime factors of 179504147.
179504147
List the prime factors of 39283350.
2, 3, 5, 379, 691
What are the prime factors of 104118511?
7, 313, 47521
List the prime factors of 1824379296.
2, 3, 41, 463511
What are the prime factors of 851792341?
3169, 268789
What are the prime factors of 3165299982?
2, 3, 13, 593, 22811
What are the prime factors of 40369671?
3, 498391
List the prime factors of 664341957.
3, 653, 113041
What are the prime factors of 254910553?
1093, 233221
List the prime factors of 276862987.
59, 4692593
What are the prime factors of 41564496?
2, 3, 23, 37649
List the prime factors of 188759811.
3, 29, 2169653
List the prime factors of 147691180.
2, 5, 7, 13, 19, 4271
List the prime factors of 5416965837.
3, 1013, 594161
What are the prime factors of 11382863?
53, 214771
List the prime factors of 441449822.
2, 11, 139, 241, 599
What are the prime factors of 391206599?
7, 19, 2941403
What are the prime factors of 260435?
5, 7, 1063
List the prime factors of 3304128793.
7, 1321, 357319
List the prime factors of 18212755.
5, 11, 331141
List the prime factors of 1005433235.
5, 1063, 189169
List the prime factors of 910111519.
149, 6108131
List the prime factors of 925137295.
5, 185027459
What are the prime factors of 8012964333?
3, 11, 242817101
What are the prime factors of 4040469080?
2, 5, 29, 271, 12853
List the prime factors of 261629381.
13, 167, 120511
What are the prime factors of 749311826?
2, 89, 4209617
What are the prime factors of 49014617?
49014617
List the prime factors of 29719172.
2, 7, 239, 4441
List the prime factors of 937338884.
2, 41, 5715481
List the prime factors of 6586333321.
101, 223, 292427
What are the prime factors of 56115291?
3, 131, 142787
What are the prime factors of 516102756?
2, 3, 13, 31, 106721
What are the prime factors of 288733997?
139, 277, 7499
What are the prime factors of 17672189?
41, 431029
What are the prime factors of 5450431720?
2, 5, 467, 291779
List the prime factors of 245072566.
2, 43, 2849681
What are the prime factors of 6093357?
3, 19, 53, 2017
What are the prime factors of 164651486?
2, 97, 311, 2729
List the prime factors of 716816639.
7, 11, 71, 18731
List the prime factors of 869663487.
3, 7, 11, 1889, 1993
What are the prime factors of 42261861?
3, 1709, 8243
What are the prime factors of 7274144259?
3, 2963, 272777
What are the prime factors of 110686264?
2, 13, 167, 6373
List the prime factors of 290397610.
2, 5, 3019, 9619
List the prime factors of 41541202.
2, 79, 163, 1613
What are the prime factors of 42714735?
3, 5, 7, 406807
What are the prime factors of 1372136397?
3, 73, 277, 22619
What are the prime factors of 94127870?
2, 5, 113, 83299
List the prime factors of 136637184.
2, 3, 177913
What are the prime factors of 291592650?
2, 3, 5, 1943951
List the prime factors of 231846638.
2, 1021, 113539
What are the prime factors of 6961105028?
2, 1399, 1243943
What are the prime factors of 56233192?
2, 37, 189977
List the prime factors of 138947022.
2, 3, 31, 83003
List the prime factors of 40232779.
40232779
List the prime factors of 189119425.
5, 11, 687707
What are the prime factors of 58273415?
5, 59, 251, 787
What are the prime factors of 11627555?
5, 2325511
List the prime factors of 35137496.
2, 101, 43487
List the prime factors of 67692086.
2, 7, 11, 439559
List the prime factors of 26195289.
3, 8731763
List the prime factors of 368820266.
2, 1933, 95401
What are the prime factors of 4030608157?
19207, 209851
What are the prime factors of 1150410802?
2, 29, 1327, 14947
List the prime factors of 78519371.
7, 1009, 11117
List the prime factors of 714459109.
7, 13, 19, 29, 14249
What are the prime factors of 187699494?
2, 3, 31283249
What are the prime factors of 169556593?
53, 857, 3733
List the prime factors of 888424580.
2, 5, 1493, 29753
What are the prime factors of 3358270589?
3358270589
What are the prime factors of 15457607?
11, 17, 131, 631
What are the prime factors of 2802902522?
2, 7, 67, 2988169
What are the prime factors of 836138676?
2, 3, 17, 4098719
List the prime factors of 3415536129.
3, 15739, 72